er when 231 is divided by z?
36
Suppose 33*c + 4395 = -29*c + 77*c. Calculate the remainder when c is divided by 63.
41
Let x = -24808 - -27951. What is the remainder when x is divided by 150?
143
Suppose 3*d = 12*d - 95 - 346. What is the remainder when 783 is divided by d?
48
Suppose -55*z + 53*z = -108. Let g be (1/(-2))/((-6)/(-12)) + z. Suppose -48 + g = n. Calculate the remainder when 49 is divided by n.
4
Let i(p) = -3*p**2 + 123*p + 149. Calculate the remainder when (-354)/(-14) - 8/28 is divided by i(42).
2
Let r(y) = y**3 + 2*y**2 - 21*y - 25. Let q be r(-5). Suppose 0 = x + 2*x - q*m - 56, x = m + 18. What is the remainder when 72 is divided by x?
4
Let r(w) = -28 - 3*w**2 + 2*w**2 - 15*w + 8*w**2 - 8*w**2. What is the remainder when 638 is divided by r(-4)?
14
Let i = -157 - -328. Let t = 27 - 26. What is the remainder when i is divided by -3 - t/((3/141)/(-1))?
39
Let v(h) = -5*h + 9. Let f = 137362 + -137343. Calculate the remainder when v(-8) is divided by f.
11
Calculate the remainder when 2/(4/822 + -5 + 5) is divided by 27.
6
Suppose -5 - 11 = 4*f. Suppose 0 = -m - m + 22. Calculate the remainder when 96/2 - f - 0 is divided by m.
8
Let f(w) = -w**2 - 4*w + 7. Let p be f(-5). Suppose 0 = -p*g + 16 - 6. Let u = -405 + 432. Calculate the remainder when u is divided by g.
2
Let w(a) = a**3 - 10*a**2 + 16*a + 7. Let l be w(7). Let p be l/(-6) - 3/(-9). Calculate the remainder when 74 is divided by (-225)/(-18)*6/p.
14
Let t(q) = q**3 - 6*q**2 + 2*q + 91. Let b be t(9). Let c = b - 312. What is the remainder when c is divided by 17?
6
Suppose -1082 = -85*n + 1203 - 925. Let u(q) = q**3 + q + 59. Suppose v + 4*p = 3*p + 2, -3*p + 6 = -4*v. Calculate the remainder when u(v) is divided by n.
11
Let w(g) = 16*g**2 + 12*g - 2. Let z be w(9). Suppose 0 = 5*h + z + 1818. Calculate the remainder when (-4)/10 - h/10 is divided by 22.
20
Suppose -1026 = -c + 78*c - 2566. Let j(h) = -38*h + 1. Calculate the remainder when j(-3) is divided by c.
15
Let t(w) = w - 31. Let g be t(-25). Let u = g - -60. Suppose 109 = j + u*v, -3*j + 0*v + 316 = v. Calculate the remainder when j is divided by 36.
33
Suppose -440*m - 171*m - 984345 = -4063174. What is the remainder when m is divided by 140?
139
Let v = 34 + -18. Let i(r) = r**3 + r**2 + 2*r - 12. Let n = -53 + 57. Calculate the remainder when i(n) is divided by v.
12
Let n be (-4)/6 + (-10)/3. Let s(g) = -2*g**3 - 60*g**2 - 108*g - 3221. What is the remainder when (-536)/(-6) + n/(-6) is divided by s(-30)?
14
Suppose 3*o = -4*m + 149, 3*m = -29 + 8. Calculate the remainder when 2710 is divided by o.
55
Suppose 38*j - 37*j + 3*b - 86 = 0, -5*j - b + 374 = 0. What is the remainder when 78 is divided by j?
4
Let w(c) = -24*c - 26. Let j(n) = 15*n - 19. What is the remainder when j(8) is divided by w(-2)?
13
Suppose -29*m = 19*m - 34608. Calculate the remainder when m is divided by 26.
19
Let c(k) = 2*k**2 + 10*k + 45. Calculate the remainder when 118 is divided by c(-6).
4
Suppose -33*r + 51255 = 18*r. Calculate the remainder when r is divided by 502.
1
What is the remainder when 8/(-84) + (-46)/(-42) + 188 is divided by 39?
33
Let j = 21137 + -20835. What is the remainder when 1264 is divided by j?
56
Suppose -639*n - 282 = -642*n. What is the remainder when 375 is divided by n?
93
What is the remainder when 273/364 - (-21)/4 is divided by 3?
0
Let w(y) be the third derivative of y**4/24 + y**3 + 7*y**2. What is the remainder when 1309/(-68)*1*-4 is divided by w(4)?
7
Let x(y) = -y**2 + 13*y + 16. Let s be x(14). Suppose -94 = c - i + s*i, 0 = -3*i - 3. Calculate the remainder when 38 is divided by c/(-9) - (-5)/(-15).
8
What is the remainder when 374 is divided by (-148 - -3)*(1 + (-26)/10)?
142
Let w(u) = 19*u**2 + u + 474. Let j be w(0). Suppose -4*c + c = -j. Calculate the remainder when c is divided by 54.
50
Suppose -5*o - 7 + 37 = 0. Calculate the remainder when (o - 5) + 0 - (-221 - -4) is divided by 14.
8
Suppose -11332*s + 11335*s = 240. Calculate the remainder when 143 is divided by s.
63
Let j = 1 - -3. Suppose 0 = 3*d - 9, 2*m + 3*d - 3 = j*m. Suppose 0 = r - m*r + 16. What is the remainder when 24 is divided by r?
0
Let u = 10 - 1. Suppose -l = -0*l - u. Let v(t) = 1531*t + 9210. What is the remainder when v(-6) is divided by l?
6
Let u be (522/(-12) - -8)/((-1)/2). Suppose 18*c - 487 = u. What is the remainder when 212 is divided by c?
26
Let g(l) = -l**2 + 52*l - 38. Let d(r) = -13*r + 9. Let q(s) = -9*d(s) - 2*g(s). Let y = -24 + 17. What is the remainder when 6 is divided by q(y)?
0
Let f(u) = -11*u + 331. Let c(s) = s**3 - 22*s**2 - 47*s. Let n be c(24). What is the remainder when 141 is divided by f(n)?
7
Suppose 5*u - 4*q = 30, -q + 16 = -2*u - 5*q. Suppose 5*l - 3*a = 126, 3*l - 6*l = -u*a - 76. Calculate the remainder when 28 is divided by (l/(-16))/((-2)/20).
13
Let w(k) = 19*k + 128. Suppose -2*o - 3 = 7. Let p(v) = -14*v - 3. What is the remainder when p(o) is divided by w(-6)?
11
Suppose 0 = 4*g - 4*l + 3*l - 151, 0 = 5*g - l - 188. What is the remainder when 1/((-8)/52 - 327/(-2041)) is divided by g?
9
Let d(z) = -z**3 + 6*z**2 + 2*z - 6. Let i be d(6). Suppose i - 16 = -t. Suppose -2*c + 102 = 26. Calculate the remainder when c is divided by t.
8
Let n = 583 + -266. Suppose -3*o + 4*h + 154 = 0, 5*o - n + 69 = -2*h. What is the remainder when 90 is divided by (-1)/(-2) - o/(-4)?
12
Suppose 2*p - 42 = -3*j, 1216*p + 39 = 4*j + 1213*p. Calculate the remainder when 3165 is divided by j.
9
Suppose 0 = -2*h + 3*h - 3*v - 84, v = -2*h + 196. Suppose 95*x - h*x = -10. Suppose 6 = -x*b + 56. Calculate the remainder when 26 is divided by b.
1
Suppose 22*q + 907 + 1928 = 211*q. Calculate the remainder when 126 is divided by q.
6
Suppose -16*j + 3*k = -21*j + 127, -5*k - 5 = 0. Calculate the remainder when 129 is divided by j.
25
Let o(b) = 85*b - 642. Let r be o(9). Let x be (0 - 0) + 0 - -8. Suppose 5 = x*g - r. Calculate the remainder when g is divided by 10.
6
Let c(d) = d**3 + 6*d**2 + 5*d + 1. Let p be (-36)/30*(-15)/(-3). What is the remainder when c(-4) is divided by 9 + (-44)/33 + 4/p?
6
Let l(o) = -o + 28. What is the remainder when 93/(((-132)/48)/(-11)) is divided by l(3)?
22
Let u be (16/(-6))/(-1)*(-21)/(-14). Suppose 0 = b - u, -3*s + 2*b + 0*b = -154. Let v = -48 + s. Calculate the remainder when 33 is divided by v.
3
Suppose 2349 = 19*v - 1679. Calculate the remainder when 17169 is divided by v.
209
Suppose -226 = -q - 316. Let j = q - -186. What is the remainder when j is divided by 34?
28
Let w = -1127 + 1339. What is the remainder when w is divided by 194?
18
Let o(l) = 71*l**2 - 21*l + 100. Calculate the remainder when o(6) is divided by 12.
10
Let a(y) = 26*y**3 - 5*y**2 + 26*y - 25. Calculate the remainder when 15693 is divided by a(2).
213
Let a(w) = -50*w**3 - 8*w**2 - 17*w - 9. What is the remainder when a(-2) is divided by 81?
69
What is the remainder when 4/6 + (1862/(-21))/(-14) - -780 is divided by 20?
7
Let v(p) = 2*p**2 + 13*p + 66. Suppose 49 = 5*x - 36. What is the remainder when v(0) is divided by x?
15
Let u be (-8)/((-120)/28 - -3 - -1). Suppose -4*v - u = -3*t - 1, 3*t = 2*v + 27. What is the remainder when (2 - -14)*(-6)/(-3) is divided by t?
5
Suppose 2*x - 5*s - 916 - 4133 = 0, -5*x + 4*s + 12614 = 0. What is the remainder when x is divided by 836?
14
Suppose -534*r = -536*r. Suppose r = -4*z + 2*n + 118, 3*z - 96 + 21 = -3*n. Calculate the remainder when 81/1 + (-4)/2 is divided by z.
23
Suppose w + 2*w + 22 = n, 0 = 2*n + 2*w - 12. Suppose 5 = n*z - 105. Calculate the remainder when 54 is divided by z.
10
Suppose 0 = 2*w + 5*r - 37, -13 - 9 = -w + r. Let s(b) = 38*b**3 + 2*b**2 - 1. Calculate the remainder when s(1) is divided by w.
18
Let d = 6093 + -6088. Calculate the remainder when 114 is divided by d.
4
Suppose -2*j + 290 = -2*v - 290, 4*v - 863 = -3*j. Calculate the remainder when j is divided by 49.
44
Let v(r) = 42*r - 2. Let b be v(-2). Let w = -78 - b. Suppose w*m = 11*m - 69. Calculate the remainder when m is divided by 13.
10
Suppose 0*z + 6*z = -108. Let h = 24 + z. Suppose -4*n = -u - 32, -26 = -4*n - 2*u + h. What is the remainder when n is divided by 2?
0
Let f(p) = -p**2 - 23*p - 93. Let z be f(-6). Calculate the rema